base 3, what is -10 - 2211222?
-2212002
In base 13, what is -44 + 1?
-43
In base 15, what is 208 - 2?
206
In base 7, what is 341 + 0?
341
In base 4, what is -1032 + 121?
-311
In base 3, what is 211211 - 0?
211211
In base 11, what is 5 + -55?
-50
In base 9, what is 14 + 571?
585
In base 8, what is 77 + 5?
104
In base 11, what is 133 + a?
142
In base 10, what is -9 + 1964?
1955
In base 12, what is 109b - 4?
1097
In base 5, what is 114 + -11?
103
In base 10, what is 2 + -5?
-3
In base 5, what is -2 - 341?
-343
In base 13, what is -3 + -327?
-32a
In base 2, what is -10 - 1101111000?
-1101111010
In base 13, what is 31 + -2?
2c
In base 6, what is 0 + -21?
-21
In base 6, what is -1 + -5?
-10
In base 14, what is -c8c - 5?
-c93
In base 8, what is -17 + 161?
142
In base 6, what is -52 - -1?
-51
In base 16, what is 1f - -4?
23
In base 6, what is -52511 - 3?
-52514
In base 5, what is 142 + 3412?
4104
In base 4, what is 123 + 1?
130
In base 6, what is -4422 + -5?
-4431
In base 11, what is -a0 + 4?
-97
In base 6, what is -5 - 21?
-30
In base 2, what is 111 + -1100?
-101
In base 12, what is -4 - -52?
4a
In base 12, what is -60a - 2?
-610
In base 12, what is 804 + 2?
806
In base 9, what is 13 - -30?
43
In base 2, what is -10010000 - -1111011?
-10101
In base 7, what is 22 - -31?
53
In base 16, what is -2 + -ec6?
-ec8
In base 10, what is 304 - -5?
309
In base 11, what is -31 + 29?
-3
In base 4, what is 10 - -22312?
22322
In base 14, what is 45 - -5?
4a
In base 4, what is 112 - 32?
20
In base 16, what is -9d0 - 5?
-9d5
In base 15, what is -3 + -45?
-48
In base 4, what is 2032 - -222?
2320
In base 9, what is 5 - 1838?
-1833
In base 15, what is 138 - d?
12a
In base 5, what is -2222 - -2?
-2220
In base 14, what is d - -a?
19
In base 9, what is 304 - -4?
308
In base 2, what is 100 + 1100101110?
1100110010
In base 3, what is 10220 + 12?
11002
In base 12, what is 3 - -42b?
432
In base 10, what is -128 + -14?
-142
In base 8, what is 247 - 2?
245
In base 12, what is -5 - -23?
1a
In base 7, what is -462 + -5?
-500
In base 2, what is -110010010 - -100?
-110001110
In base 2, what is 100001101 - -111?
100010100
In base 3, what is -2200000 + -1?
-2200001
In base 7, what is 135 - 2?
133
In base 16, what is 4 - -13?
17
In base 4, what is 100 - -202?
302
In base 14, what is 1 + 1ca?
1cb
In base 5, what is -1 + 1313?
1312
In base 11, what is 8 - -25?
32
In base 15, what is 473 - -5?
478
In base 11, what is -2 - -47?
45
In base 16, what is 25 + 21?
46
In base 14, what is -585 + -1?
-586
In base 5, what is -42 + -24?
-121
In base 11, what is -7 - -21?
15
In base 16, what is 9 + -2?
7
In base 8, what is 11 - 406?
-375
In base 5, what is 304 + 2?
311
In base 9, what is -158 + -5?
-164
In base 10, what is -133 + -8?
-141
In base 5, what is -1 - 3333?
-3334
In base 7, what is -236 + -2?
-241
In base 14, what is -82 - -1?
-81
In base 11, what is -233 + 9?
-225
In base 10, what is 1 + -132?
-131
In base 8, what is 44720 + -4?
44714
In base 6, what is 12315 + -1?
12314
In base 10, what is -12 - -10?
-2
In base 6, what is -4 + 11?
3
In base 12, what is -441 - 4?
-445
In base 11, what is 536 - -5?
540
In base 10, what is -5 + 10?
5
In base 14, what is c7 - 1?
c6
In base 6, what is 3 - -31045?
31052
In base 16, what is 98 + 2?
9a
In base 3, what is -101 + -21?
-122
In base 12, what is 87 - -3?
8a
In base 5, what is 0 - -441?
441
In base 2, what is -11001 + 1?
-11000
In base 15, what is 9c + 0?
9c
In base 11, what is -a304 - 5?
-a309
In base 16, what is 7 - -42?
49
In base 12, what is -5 - -26?
21
In base 3, what is 1 + -2121?
-2120
In base 3, what is 2122012 + 12?
2122101
In base 10, what is -4 + 845?
841
In base 11, what is 144 + 7?
150
In base 5, what is -2 + -24411?
-24413
In base 16, what is -4 + -6a?
-6e
In base 12, what is -4 - -40?
38
In base 16, what is -4 + 7d?
79
In base 2, what is -100001001 + 1010?
-11111111
In base 13, what is 629 - 0?
629
In base 6, what is 40 - -2?
42
In base 13, what is -13ba + -5?
-13c2
In base 10, what is -7 - 72?
-79
In base 8, what is 0 - 4011?
-4011
In base 6, what is 10405 - -1?
10410
In base 7, what is -333 - -11?
-322
In base 2, what is 110111 - -10111?
1001110
In base 10, what is 30 + 19?
49
In base 15, what is 8 - 93?
-8a
In base 6, what is 450 + 14?
504
In base 15, what is -3ee3 + -5?
-3ee8
In base 4, what is 13 + 1012?
1031
In base 13, what is -3 - -20?
1a
In base 15, what is -5 - 104?
-109
In base 5, what is 2023 - -4?
2032
In base 5, what is 3 - 22421?
-22413
In base 9, what is 84 + -17?
66
In base 12, what is 2 + 2b6?
2b8
In base 15, what is -1 - -1016?
1015
In base 14, what is 5 + -1c8?
-1c3
In base 4, what is -2 - -3010?
3002
In base 2, what is -110111000 - 1?
-110111001
In base 12, what is -a98 - -3?
-a95
In base 6, what is -2510 + 4?
-2502
In base 8, what is 133 - 26?
105
In base 9, what is 2 + 151?
153
In base 7, what is -1 - -1046?
1045
In base 15, what is d + 10a?
118
In base 11, what is -2 - 35?
-37
In base 9, what is -154 + 4?
-150
In base 3, what is 10 + -211?
-201
In base 4, what is 0 - 2102?
-2102
In base 6, what is -1011 + -11?
-1022
In base 4, what is -10 + 100?
30
In base 6, what is 41 - -1245?
1330
In base 14, what is 652 - 4?
64c
In base 2, what is 10 - -10110101010?
10110101100
In base 15, what is 58d - -1?
58e
In base 3, what is -1000 - -111?
-112
In base 11, what is 234 + 1?
235
In base 8, what is -30 + 510?
460
In base 3, what is 121 - -102?
1000
In base 10, what is 1576 - -5?
1581
In base 14, what is -1 + 79?
78
In base 8, what is 0 - -44?
44
In base 2, what is -111 - 110?
-1101
In base 7, what is -122 + -134?
-256
In base 14, what is -437 - 0?
-437
In base 15, what is 1 + -11e?
-11d
In base 14, what is 2 - -50?
52
In base 6, what is 432111 + 0?
432111
In base 3, what is 1022 + -11?
1011
In base 11, what is 262 - -1?
263
In base 7, what is 46 + 16?
65
In base 9, what is -11871 - 0?
-11871
In base 9, what is 2 - 284?
-282
In base 6, what is 3 + -303?
-300
In base 11, what is -19 + 63?
45
In base 11, what is -121 + 1?
-120
In base 13, what is -c - 28?
-37
In base 13, what is 63 - -1?
64
In base 16, what is -2e + 41?
13
In base 11, what is -27 - 8?
-34
In base 16, what is -8 - -ac?
a4
In base 12, what is 214 + 2?
216
In base 14, what is -11 + -17?
-28
In base 11, what is -902 + 5?
-8a8
In base 4, what is 1 - -1333?
2000
In base 4, what is 31 + 10?
101
In base 14, what is 4 + 200?
204
In base 9, what is 34112 + 0?
34112
In base 9, what is 357 - -5?
363
In base 6, what is -1 - -241?
240
In base 3, what is -1 + -22121?
-22122
In base 7, what is 23 - -13?
36
In base 6, what is -10 + 252?
242
In base 10, what is -94 - -3?
-91
In base 4, what is 1121 + 1121?
2302
In base 7, what is -4534 - 4?
-4541
In base 3, what is -1 - -1122001?
1122000
In base 10, what is 1109 + 2?
1111
In base 13, what is 231 + 3?
234
In base 10, what is 4 + 34?
38
In base 7, what is 51212 - 2?
51210
In base 12, what is -32a - 4?
-332
In base 15, what is 6 - -4?
a
In base 14, what is 13 - -c?
21
In base 3, what is -1000 + 2?
-221
In base 8, what is -3 + 3705?
3702
In base 4, what is -10 + 202333?
202323
In base 6, what is 4 - -141?
145
In base 10, what is -776 + 3?
-773
In base 5, what is -100 + 0?
-100
In base 11, what is 33 - -105?
138
In base 16, what is -bcc + -3?
-bcf
In base 12, what is -385 + -1?
-386
In base 10, what is 7338 - 1?
7337
In base 6, what is 5 + 11551?
12000
In base 10, what is 60 - -2?
62
In base 3, what is -22 + 20011?
12212
In base 4, what is -10 - 22233?
-22303
In base 8, what is -43 - 1?
-44
In base 15, what is 7 - -4e?
56
In base 6, what is 102 + 205?
311
In base 11, what is -5 - -502?
4a8
In base 12, what is 779 + -1?
778
In base 8, what is -553 + -5?
-560
In base 16, what is -7e + -1?
-7f
In base 15, what is -c6 + a?
-bb
In base 2, what is -110111011 - -1?
-110111010
In base 14, what is -9 - 89?
-94
In base 16, what is a74 + -1?
a73
In base 9, what is -20 + 357?
337
In base 2, what is -10111 - -1000?
-1111
In base 9, what is 14 + 20?
34
In base 6, what is 5 + -111?
-102
In base 10, what is -23 - -5?
-18
In base 8, what is 356 - 5?
351
In base 3, what is -111 - -101021?
100210
In base 8, what is 2026 + -5?
2021
In base 14, what is 1 + 81?
82
In base 15, what is -4 + -e?
-13
In base 13, what is -188 - -20?
-168
In base 11, what 